divided by 13?
10
Calculate the remainder when 605 is divided by 5.
0
What is the remainder when 111 is divided by 39?
33
What is the remainder when 26 is divided by 15?
11
Calculate the remainder when 218 is divided by 75.
68
What is the remainder when 1494 is divided by 124?
6
What is the remainder when 1299 is divided by 130?
129
What is the remainder when 3247 is divided by 58?
57
Calculate the remainder when 907 is divided by 97.
34
What is the remainder when 373 is divided by 22?
21
Calculate the remainder when 53 is divided by 20.
13
Calculate the remainder when 743 is divided by 50.
43
Calculate the remainder when 120 is divided by 31.
27
Calculate the remainder when 252 is divided by 67.
51
Calculate the remainder when 77 is divided by 42.
35
Calculate the remainder when 1556 is divided by 144.
116
Calculate the remainder when 285 is divided by 138.
9
What is the remainder when 187 is divided by 19?
16
Calculate the remainder when 323 is divided by 54.
53
Calculate the remainder when 2188 is divided by 121.
10
Calculate the remainder when 93 is divided by 32.
29
What is the remainder when 927 is divided by 58?
57
Calculate the remainder when 316 is divided by 32.
28
Calculate the remainder when 255 is divided by 129.
126
What is the remainder when 275 is divided by 23?
22
Calculate the remainder when 7220 is divided by 42.
38
Calculate the remainder when 881 is divided by 125.
6
What is the remainder when 4510 is divided by 13?
12
What is the remainder when 234 is divided by 14?
10
What is the remainder when 94 is divided by 73?
21
What is the remainder when 71 is divided by 30?
11
What is the remainder when 9107 is divided by 17?
12
What is the remainder when 1113 is divided by 24?
9
Calculate the remainder when 1419 is divided by 702.
15
Calculate the remainder when 42 is divided by 23.
19
Calculate the remainder when 1947 is divided by 130.
127
What is the remainder when 3485 is divided by 871?
1
Calculate the remainder when 1182 is divided by 108.
102
Calculate the remainder when 81 is divided by 28.
25
What is the remainder when 172 is divided by 16?
12
Calculate the remainder when 43 is divided by 3.
1
What is the remainder when 650 is divided by 4?
2
What is the remainder when 39 is divided by 32?
7
What is the remainder when 6580 is divided by 6?
4
Calculate the remainder when 213 is divided by 9.
6
Calculate the remainder when 341 is divided by 106.
23
What is the remainder when 12 is divided by 4?
0
Calculate the remainder when 454 is divided by 13.
12
What is the remainder when 12302 is divided by 14?
10
Calculate the remainder when 4179 is divided by 55.
54
Calculate the remainder when 51 is divided by 18.
15
Calculate the remainder when 357 is divided by 72.
69
What is the remainder when 175 is divided by 52?
19
What is the remainder when 3283 is divided by 14?
7
What is the remainder when 874 is divided by 35?
34
What is the remainder when 234 is divided by 113?
8
Calculate the remainder when 2549 is divided by 848.
5
Calculate the remainder when 1530 is divided by 21.
18
Calculate the remainder when 5640 is divided by 134.
12
What is the remainder when 69 is divided by 9?
6
Calculate the remainder when 115 is divided by 19.
1
What is the remainder when 2480 is divided by 18?
14
Calculate the remainder when 579 is divided by 135.
39
Calculate the remainder when 85 is divided by 46.
39
What is the remainder when 197 is divided by 33?
32
Calculate the remainder when 60 is divided by 9.
6
Calculate the remainder when 359 is divided by 40.
39
What is the remainder when 518 is divided by 20?
18
Calculate the remainder when 133 is divided by 30.
13
What is the remainder when 237 is divided by 185?
52
Calculate the remainder when 292 is divided by 42.
40
What is the remainder when 158 is divided by 126?
32
What is the remainder when 1020 is divided by 31?
28
Calculate the remainder when 106 is divided by 103.
3
What is the remainder when 242 is divided by 68?
38
Calculate the remainder when 196 is divided by 29.
22
Calculate the remainder when 482 is divided by 20.
2
What is the remainder when 430 is divided by 24?
22
What is the remainder when 1444 is divided by 52?
40
What is the remainder when 88606 is divided by 156?
154
What is the remainder when 251 is divided by 38?
23
Calculate the remainder when 369 is divided by 105.
54
Calculate the remainder when 358 is divided by 9.
7
What is the remainder when 247 is divided by 88?
71
Calculate the remainder when 200 is divided by 62.
14
Calculate the remainder when 498 is divided by 42.
36
Calculate the remainder when 2048 is divided by 85.
8
Calculate the remainder when 290 is divided by 143.
4
What is the remainder when 4228 is divided by 27?
16
What is the remainder when 429 is divided by 40?
29
Calculate the remainder when 975 is divided by 73.
26
What is the remainder when 1558 is divided by 78?
76
What is the remainder when 72 is divided by 49?
23
Calculate the remainder when 745 is divided by 9.
7
Calculate the remainder when 680 is divided by 76.
72
Calculate the remainder when 389 is divided by 127.
8
Calculate the remainder when 312 is divided by 81.
69
What is the remainder when 452 is divided by 51?
44
What is the remainder when 306 is divided by 11?
9
Calculate the remainder when 1551 is divided by 47.
0
Calculate the remainder when 142 is divided by 29.
26
What is the remainder when 133 is divided by 90?
43
What is the remainder when 141 is divided by 24?
21
Calculate the remainder when 130 is divided by 41.
7
What is the remainder when 82 is divided by 12?
10
Calculate the remainder when 696 is divided by 103.
78
What is the remainder when 6311 is divided by 3155?
1
What is the remainder when 973 is divided by 65?
63
What is the remainder when 140 is divided by 92?
48
Calculate the remainder when 220 is divided by 57.
49
Calculate the remainder when 3095 is divided by 8.
7
Calculate the remainder when 3210 is divided by 214.
0
What is the remainder when 211 is divided by 53?
52
What is the remainder when 18267 is divided by 18?
15
What is the remainder when 9573 is divided by 6?
3
What is the remainder when 27 is divided by 14?
13
What is the remainder when 380 is divided by 27?
2
Calculate the remainder when 86 is divided by 30.
26
What is the remainder when 104 is divided by 36?
32
What is the remainder when 24 is divided by 13?
11
Calculate the remainder when 159 is divided by 44.
27
Calculate the remainder when 107 is divided by 27.
26
What is the remainder when 1396 is divided by 682?
32
Calculate the remainder when 187 is divided by 69.
49
Calculate the remainder when 506 is divided by 19.
12
What is the remainder when 2359 is divided by 33?
16
Calculate the remainder when 346 is divided by 87.
85
Calculate the remainder when 173 is divided by 67.
39
What is the remainder when 5918 is divided by 110?
88
Calculate the remainder when 460 is divided by 18.
10
Calculate the remainder when 183 is divided by 46.
45
What is the remainder when 213 is divided by 13?
5
Calculate the remainder when 5243 is divided by 26.
17
Calculate the remainder when 84 is divided by 23.
15
What is the remainder when 114 is divided by 39?
36
What is the remainder when 1544 is divided by 111?
101
What is the remainder when 191 is divided by 32?
31
What is the remainder when 1993 is divided by 7?
5
What is the remainder when 62 is divided by 5?
2
What is the remainder when 328 is divided by 30?
28
What is the remainder when 233 is divided by 49?
37
Calculate the remainder when 203 is divided by 13.
8
Calculate the remainder when 285 is divided by 39.
12
Calculate the remainder when 165 is divided by 24.
21
What is the remainder when 460 is divided by 77?
75
What is the remainder when 741 is divided by 150?
141
Calculate the remainder when 621 is divided by 151.
17
What is the remainder when 162 is divided by 61?
40
Calculate the remainder when 193 is divided by 52.
37
Calculate the remainder when 5167 is divided by 235.
232
What is the remainder when 150 is divided by 45?
15
Calculate the remainder when 1494 is divided by 44.
42
Calculate the remainder when 463 is divided by 16.
15
Calculate the remainder when 58 is divided by 25.
8
Calculate the remainder when 574 is divided by 18